01331551 (base 6) in base 15?
108a9e1
8a301 (base 15) to base 11
280169
Convert -3157b (base 14) to base 12.
-58ab5
100000101010001010 (base 2) to base 8
405212
Convert -196744 (base 10) to base 3.
-100222212211
313131 (base 10) to base 15
62ba6
What is -356453 (base 13) in base 8?
-4661522
Convert -35436 (base 10) to base 5.
-2113221
-302012222000 (base 4) to base 7
-216432620
1186555 (base 9) to base 16
9e27f
12425100 (base 9) to base 14
b4a8b5
Convert -111011000000011101 (base 2) to base 8.
-730035
What is 1299440 (base 10) in base 8?
4751760
Convert -1111220120122 (base 3) to base 4.
-3010211312
What is 194712 (base 10) in base 8?
574230
Convert 1243022 (base 5) to base 16.
60ba
What is -32313141 (base 5) in base 2?
-1000011011001001110
What is 111100001100011 (base 2) in base 16?
7863
What is -473a5 (base 14) in base 5?
-21023410
Convert 22d92b (base 15) to base 10.
1665941
10221002202 (base 3) to base 2
10010111000100100
Convert 67063 (base 11) to base 5.
11102412
2984863 (base 12) to base 7
131163321
Convert 3610056 (base 7) to base 5.
104044411
-85844 (base 9) to base 7
-324442
Convert 24040363 (base 7) to base 3.
11000002100111
What is -251145 (base 7) in base 10?
-46044
Convert 80343 (base 11) to base 3.
12222020021
What is 3ad440 (base 14) in base 16?
1f09e0
446d8 (base 14) to base 6
3320314
What is -20040324 (base 5) in base 10?
-158839
-331113a (base 11) to base 2
-10110001011011011010100
Convert 10301023131 (base 4) to base 2.
100110001001011011101
What is -1100001100010110111 (base 2) in base 14?
-a586b
What is -286258 (base 11) in base 3?
-211201212212
What is -302102031 (base 4) in base 3?
-101110112100
Convert 11501120 (base 7) to base 10.
1025633
What is 132340324 (base 5) in base 14?
135738
-1100010001101110 (base 2) to base 12
-25126
Convert 57c56a (base 14) to base 16.
2da7a2
-10440031 (base 5) to base 4
-112233111
-321315234 (base 6) to base 12
-1a95b1a
2563632 (base 7) to base 6
11103153
Convert -11b22b0 (base 16) to base 2.
-1000110110010001010110000
What is 564710 (base 8) in base 13?
68b92
-33101031 (base 5) to base 10
-284516
186927 (base 14) to base 2
11010010110010110111
Convert -11403314 (base 6) to base 15.
-71327
Convert 3702551 (base 8) to base 15.
1515cd
Convert -4981b3 (base 12) to base 2.
-100100100000000010111
Convert -26993 (base 15) to base 8.
-361417
-5a36a6 (base 13) to base 2
-1000001100110110111000
Convert -19514a (base 12) to base 10.
-444298
What is -3023214 (base 6) in base 12?
-6ab0a
-111001111111011101 (base 2) to base 10
-237533
Convert -25b831 (base 16) to base 6.
-124552213
Convert -3022221121 (base 4) to base 7.
-10024642
2320030100 (base 4) to base 8
2701420
What is -12515461 (base 7) in base 4?
-10120011133
-212220003 (base 4) to base 12
-77683
What is -61df2c (base 16) in base 7?
-105343033
What is 3234634 (base 9) in base 5?
421014122
Convert -2a248 (base 12) to base 11.
-40444
-6144 (base 8) to base 16
-c64
What is -b47c4 (base 13) in base 9?
-543765
Convert -1141544 (base 7) to base 8.
-432450
What is -11e1d (base 16) in base 14?
-1c99b
What is -10000020220 (base 3) in base 5?
-3343420
3557e (base 15) to base 9
278162
Convert -86649 (base 16) to base 10.
-550473
-122020220201 (base 3) to base 4
-1102323010
What is -2301001 (base 4) in base 3?
-120112121
What is -156ba76 (base 12) in base 8?
-20541072
Convert -2202211101 (base 3) to base 2.
-1101010100010110
Convert -3158334 (base 10) to base 14.
-5c2dd4
What is 1261138 (base 12) in base 2?
1101110001010101111100
Convert -64284 (base 14) to base 9.
-407836
Convert 242100132 (base 6) to base 11.
2649126
-2221111000 (base 3) to base 11
-3a595
Convert -133204145 (base 6) to base 2.
-1010001101010010100001
Convert -5905346 (base 10) to base 2.
-10110100001101111000010
Convert -2835b (base 15) to base 12.
-627ab
What is -267514 (base 9) in base 5?
-20203420
Convert -230612 (base 8) to base 14.
-20710
Convert 41863 (base 13) to base 11.
80619
What is -10101100101110000110010 (base 2) in base 11?
-3216240
What is -6b399 (base 14) in base 3?
-111021120121
What is 1595a56 (base 12) in base 16?
438ca2
Convert 3bc10 (base 13) to base 16.
1b513
719017 (base 10) to base 9
1315267
Convert 139a1b (base 16) to base 4.
10321220123
Convert -4099537 (base 10) to base 12.
-1458501
d6ba (base 14) to base 16
9094
14627240 (base 8) to base 6
155521012
What is 3370b7 (base 13) in base 5?
302340331
Convert 3410240 (base 6) to base 15.
36179
464564 (base 10) to base 11
298041
What is 1176161 (base 8) in base 16?
4fc71
Convert -4dcb5 (base 15) to base 14.
-66b93
What is -3a590 (base 14) in base 8?
-430662
What is 341133310 (base 5) in base 14?
2b28c7
Convert -100000101111010111001 (base 2) to base 4.
-10011322321
Convert 333110112 (base 4) to base 9.
434676
Convert 4b98 (base 16) to base 8.
45630
-1b6d6 (base 16) to base 7
-645346
What is 1312100340 (base 5) in base 8?
14263333
Convert -34a09 (base 11) to base 2.
-1100010100100010
Convert -111000000100000101 (base 2) to base 11.
-147591
Convert -21925 (base 14) to base 12.
-3b111
What is -1422540 (base 7) in base 16?
-2e8ae
Convert 13ddb8 (base 14) to base 9.
1263442
1ad18 (base 16) to base 4
122310120
Convert -103967 (base 13) to base 15.
-77695
What is -1468a4 (base 11) in base 15?
-47b58
Convert -37666 (base 8) to base 2.
-11111110110110
What is -97c2 (base 13) in base 5?
-1133424
What is -5d9eb (base 15) in base 16?
-490ee
Convert d2b407 (base 16) to base 15.
132b6b7
Convert 3d612 (base 14) to base 16.
25230
-2500de (base 15) to base 5
-423201314
What is 5205044 (base 8) in base 13?
3937b7
What is -37ccb (base 15) in base 9?
-301632
What is -610722 (base 9) in base 13?
-c8693
-168226 (base 12) to base 4
-1132210332
2e4ee (base 15) to base 13
53147
Convert 22a093 (base 13) to base 16.
c8a26
Convert 22c68 (base 16) to base 7.
1132164
Convert -199523 (base 11) to base 8.
-1124425
What is -31486 (base 15) in base 4?
-212021310
What is 2022100113 (base 4) in base 7?
4546002
395282 (base 11) to base 2
10010111110101010101
Convert -311311201101 (base 4) to base 11.
-7a6a213
Convert -4434312 (base 6) to base 7.
-1614653
What is 4bb26 (base 14) in base 8?
553266
Convert -3357456 (base 9) to base 7.
-21245151
307cb7 (base 15) to base 11
1334551
What is -252606 (base 9) in base 10?
-152853
-10320002 (base 4) to base 16
-4e02
What is 1334035 (base 7) in base 15?
37531
What is -233230341 (base 5) in base 3?
-2000101202100
Convert -1052c9 (base 14) to base 7.
-4456442
-121244200 (base 7) to base 5
-3414333344
19a7671 (base 12) to base 9
11220304
What is -766431 (base 8) in base 6?
-5303121
What is -14f66 (base 16) in base 4?
-110331212
What is -34003044 (base 5) in base 16?
-4893a
What is 1422036 (base 8) in base 3?
202110002000
What is 65bb51 (base 14) in base 13?
93ac90
What is 216b900 (base 12) in base 16?
612150
What is 101000100011001011100 (base 2) in base 14?
268336
What is -c039c3 (base 14) in base 10?
-6464055
Convert -1002010112021 (base 3) to base 4.
-2023333003
What is 8eb69d (base 16) in base 12?
3170651
-10101011100001111111 (base 2) to base 6
-23020423
4534477 (base 9) to base 8
11245342
What is -34290 (base 13) in base 12?
-46b26
16330266 (base 7) to base 10
1587207
Convert -111011120102 (base 3) to base 6.
-5320015
What is 10100011001011110001 (base 2) in base 9?
1227777
Convert 6545241 (base 7) to base 4.
3003221133
Convert -51296 (base 15) to base 5.
-31211331
What is 1241232142 (base 5) in base 13?
836a1a
What is 2333120230 (base 4) in base 3?
1110211022221
Convert -3544245 (base 7) to base 4.
-1231121121
What is -26039 (base 15) in base 16?
-1dad2
What is -11111110110010101000110 (base 2) in base 15?
-aedb9d
604311 (base 8) to base 15
3ddc2
16577144 (base 8) to base 10
3866212
Convert -1a2239 (base 13) to base 16.
-a18b3
-722be (base 15) to base 6
-11430442
What is 11010001010001001011 (base 2) in base 4?
3101101023
What is -11101011001110000 (base 2) in base 13?
-42a80
-2b947 (base 15) to base 10
-140467
What is a53420 (base 12) in base 14?
4b8a00
-c50b3 (base 15) to base 11
-397257
What is -521343 (base 11) in base 5?
-203230103
Convert -2130b4 (base 14) to base 7.
-12353314
-233232413 (base 7) to base 14
-1ca9d43
Convert 13084334 (base 10) to base 6.
1144235342
120222111022101 (base 3) to base 